 2/5?
193
What are the prime factors of (-2)/(-14) - 2294871/(-553)?
2, 5, 83
Let q(f) = -8*f + 138. Let i be q(-9). Suppose 1 = a, -j + 0*j = -a - i. What are the prime factors of j?
211
Suppose 89*v - 87*v - 60 = 0. What are the prime factors of ((-70)/v)/(-1*(-2)/(-24))?
2, 7
Suppose 14*z = 8*z - 462. Let x = -75 - z. Suppose -x*m + 944 = 6*m. List the prime factors of m.
2, 59
Let p(l) = -23*l**3 - 52*l**2 + 21*l - 53. List the prime factors of p(-13).
83, 499
Let x(c) = c**3 + 9*c**2 + 4. Let t be x(-10). Let d = t + 121. List the prime factors of d.
5
Let d(t) be the first derivative of t**4/4 + 3*t**3 + 7*t**2 + 3*t - 13. Let r be d(-7). Suppose r*w - 191 - 97 = 0. What are the prime factors of w?
2, 3
Let c(g) = -2*g**2 - g - 2. Let p(m) = -m**2 + 1. Let w(s) = -2*s**2 + 4*s - 3. Let u be w(2). Let i(a) = u*p(a) + c(a). What are the prime factors of i(5)?
3, 5
Let g(r) = 2*r**2 - 7*r + 9. Suppose 0 = -a + 5*a + 156. Let i = a - -45. What are the prime factors of g(i)?
3, 13
Let s(i) = -11*i - 10*i - 78 - 9*i + 33*i. Let p(k) = 9*k - 235. Let j(g) = -3*p(g) + 8*s(g). What are the prime factors of j(0)?
3
Let u(g) = 3292*g - 3905. List the prime factors of u(8).
3, 7477
Let q(y) = -y**2 + 12*y + 17. Suppose -5*o + 51 = -14. Let k be q(o). Suppose -526 = -k*i + 5*l + 95, 5*l + 144 = i. What are the prime factors of i?
3, 53
Suppose 0*q - 4*j = -4*q + 9196, -4*j + 6918 = 3*q. Let m = q - 1577. List the prime factors of m.
5, 29
Suppose 6*n - 7 = 5. Suppose -k - 3 = -w, -4*w - 2*k = n*k - 28. Suppose -5*l + 290 = -w*d, 0 = l + 3*d - 32 - 42. What are the prime factors of l?
2, 31
Let m be (3 - (-1 - -4))*1 - -42. Suppose x = -5*w + m, 2 = 2*w - x - 12. Suppose -3*z = 2*y - 134, -w*y + 2*z = -12*y + 260. List the prime factors of y.
2
Let f(x) = -10*x - 1. Let s be f(-6). Let y = -147 + s. Let a = y - -154. What are the prime factors of a?
2, 3, 11
Let j(x) = -23*x + 20. Let s be j(19). Let f = -71 - s. Let t = f + -205. What are the prime factors of t?
3, 47
Suppose -6*n + n + 60 = 0. Suppose 7*s - 1615 = -n*s. List the prime factors of s.
5, 17
Let c = 43 - 39. Suppose 4*q - c = -m - 19, 0 = m + 5*q + 18. List the prime factors of -10*m*5/15.
2, 5
Let t(j) = 118*j - 1192. What are the prime factors of t(36)?
2, 191
Suppose -179871 = 22*f + 529365. List the prime factors of (-16)/3*f/216.
2, 199
Suppose -13*o = -5*o + 3960. Let g be ((-14)/(-4))/(-7) + o/(-10). Let a = g - -113. What are the prime factors of a?
2, 3
Let s(a) = -3*a - a**2 + 5*a - 21 - 4*a - 12*a. Let r(u) = u**2 + 13*u + 22. Let o(d) = 5*r(d) + 6*s(d). What are the prime factors of o(-12)?
2, 17
Let o be -1*4 - 25080/(-44). Let n = o - 230. What are the prime factors of n?
2, 3, 7
Let n = 47 - 54. Let d(s) = -206*s + 30. List the prime factors of d(n).
2, 23
Suppose 79*o + 42 = 93*o. Suppose 4*c - 4215 = -4*s + s, -3157 = -o*c + 2*s. What are the prime factors of c?
3, 13
Let j(n) = 9*n**2 - 51*n + 275. List the prime factors of j(-26).
5, 29, 53
Suppose 2*a - 17086 = -l - 0*a, 5*a - 85445 = -5*l. What are the prime factors of l?
2, 4273
Let i = -20293 - -39908. What are the prime factors of i?
5, 3923
Suppose -2*l - 3*l + 10 = 0. Suppose 5*s + 5*u = 115, -3*s + 4*u + 38 = -l*s. What are the prime factors of s?
2, 13
Let t(d) be the second derivative of 2*d**3/3 + 32*d**2 + 54*d. Let l be (-6)/(-9)*(-3 + 30). What are the prime factors of t(l)?
2, 17
Suppose 3*x - n - 2718 = -x, 4*n - 2728 = -4*x. Let m = -46 - -49. Suppose -5*f = 5*s - x, 278 + 130 = m*s + f. What are the prime factors of s?
2, 17
Let m(f) = -f**3 + 10*f**2 - 7*f + 1. Let q be (-110)/(-6) - (-2)/(-6). Suppose q + 22 = 5*c. What are the prime factors of m(c)?
73
Let v(h) = -4*h - 13. Let u be v(-4). Suppose -5*s + 0*g + 1754 = 2*g, u = -g. Suppose -5*q - s = -4*x, -x + 88 = 4*q - 0*q. List the prime factors of x.
2, 11
Let v(h) = -16*h - 4. Suppose -2*k - k - 9 = 0. List the prime factors of v(k).
2, 11
Suppose 0 = 5*b + 4*g - 2085, 0*g = 2*g - 10. Suppose -p + 3*z = -117, -4*p = 8*z - 9*z - b. List the prime factors of p.
2, 3, 17
Suppose -10016 + 1673 = -9*x. List the prime factors of x.
3, 103
Let s(b) be the third derivative of -b**4/3 - 49*b**3/6 + 24*b**2. Let p be s(-23). Suppose -l + 2 = 0, l - p = -g - 2*l. List the prime factors of g.
3, 43
Suppose 0 = 5*m - 5*c + 1565, 687 = -3*m + 2*c - 247. Let o = 633 + m. What are the prime factors of o?
5, 13
Let d(o) = 114*o**2 - 341*o + 46. List the prime factors of d(19).
34721
Let n(z) be the first derivative of z**5/60 - z**4/24 + 11*z**3/6 - 8*z**2 + 27. Let j(b) be the second derivative of n(b). What are the prime factors of j(-8)?
83
Let t = -223 + 228. Let n = -280 + 705. Suppose -n = -5*x - 0*i - i, 0 = t*x - i - 415. What are the prime factors of x?
2, 3, 7
Let l(y) = 157*y - 394. Let u be l(15). Let g = u + -810. List the prime factors of g.
1151
Let n = -72496 + 138155. What are the prime factors of n?
11, 47, 127
Suppose 0 = -3*p - 8*p + 12144. Suppose 2*d - p = -d. List the prime factors of d.
2, 23
Let u(x) = 66*x**2 - 39*x - 153. What are the prime factors of u(16)?
3, 199
Suppose -2*w - 10 = 2*u, -5 = -5*u - 2*w - 45. What are the prime factors of u/((-7)/(-21)*(-12)/40)?
2, 5
Let f be (332/(-2158))/((-2)/221). Let t be 5*(-4)/15*-3. Suppose -t*d - f + 125 = 0. List the prime factors of d.
3
Suppose 0 = 88*v - 90*v + 680. Suppose 276 = 7*o - v. What are the prime factors of o?
2, 11
Let l(x) = 3*x**2 - 4*x + 49. Let w(k) = 3*k**2 - k - 5. Let j be w(-2). List the prime factors of l(j).
2
Suppose 0 = -2*c + 11*c + 6876. Let z = c + 1136. List the prime factors of z.
2, 3, 31
Let u = -67 + 70. Let y be (-2 + u)*(2 - 2). Suppose y = 5*r - 25, -r + 82 = -3*b + 353. What are the prime factors of b?
2, 23
Suppose -3*b = 2*v - 723, 3*v = -3*b - 745 + 1822. Let w = v + -222. What are the prime factors of w?
2, 3, 11
Suppose 2*w - 4 = w, 3*w - 24 = 3*b. Let j be (1 + -1)*(1 + b)/(-9). Suppose j = -0*k + 5*k - 320. What are the prime factors of k?
2
List the prime factors of -7 - (-3 - 4) - (2 + 0 - 2493).
47, 53
Let u(q) = q**2 + 20*q - 25. Let l be u(10). Let p = -146 + l. What are the prime factors of p?
3, 43
Let c(g) = -16*g + 45. Let w be c(-8). Let m = -96 + w. What are the prime factors of m?
7, 11
What are the prime factors of (-41907)/(-15) - (3 - 1)/(340/(-34))?
2, 11, 127
Let v(d) = d**2 + 3*d - 2. Let y be v(0). Let b = 3 - y. Suppose b*i = -5, -4*q + 642 = 5*i - 3*i. List the prime factors of q.
7, 23
Let w(t) = -47*t**3 - 12*t**2 + 15*t - 11. Let o(a) = -24*a**3 - 7*a**2 + 7*a - 6. Let s(m) = 5*o(m) - 3*w(m). What are the prime factors of s(3)?
3, 61
Let m be (-6 - -6) + (-7)/(28/(-2628)). Let r = m - 379. What are the prime factors of r?
2, 139
Let i(o) = -23*o - 127. Suppose -5*g + 4*g + 5*l = 4, 0 = 5*l + 25. List the prime factors of i(g).
2, 3, 5
Suppose -144919 = -5*t - 3*x, -t - 3*x + 23953 = -5050. List the prime factors of t.
28979
Suppose -5*g + 30 = 5*u, 4*g + 2 = u + 6. Suppose -g*m = -0*m + 194. Let z = -35 - m. List the prime factors of z.
2, 31
What are the prime factors of ((-316)/(-3))/(6/657)?
2, 73, 79
Let w = -136 + 131. List the prime factors of (-1 - 37/w)/(4/330).
2, 3, 11
Let y be -257 - (-7)/(14/12). Let u = 186 - y. What are the prime factors of u?
19, 23
Let k = -24351 + 45034. What are the prime factors of k?
13, 37, 43
Let y(k) be the first derivative of k**2/2 + 6*k - 8. Let b be y(-6). Suppose -2*r = 3*j - 195, b*j + 5*r = -j + 52. List the prime factors of j.
67
Let j be 47593/28 - (-3)/(-4). Let a = 2957 - j. List the prime factors of a.
2, 17, 37
Let h(n) = n**3 + 12*n**2 - 15*n - 5. Suppose 65 = -52*l + 47*l. Let b be h(l). Suppose 0 = -15*u + 8*u + b. What are the prime factors of u?
3
Let w(q) = 8 + 0 + 4*q + 4 - 15. Let x be w(0). What are the prime factors of 2/3 + (x - 157/(-3))?
2, 5
Let t(b) = 32*b**2 + 4*b + 2. Let y = 7 - 8. Let z be t(y). Suppose 300 - z = 6*m. List the prime factors of m.
3, 5
Let k(d) = -d**2 + 13*d + 6. Let v be k(13). Suppose -a = -v + 4. What are the prime factors of 110 - -1*(a - 4/1)?
2, 3
Let w(u) = u**3 - 5*u**2 - 10*u + 6. Let k be w(6). List the prime factors of ((-3)/(k/4))/(10/2055).
137
Let w(j) be the third derivative of 23/60*j**5 + 0*j - 10*j**3 + 0 + 3